hat is -1 - -52014?
52013
In base 4, what is -3033311 - -21?
-3033230
In base 7, what is 11 + -64465?
-64454
In base 6, what is 105 + -14502?
-14353
In base 9, what is 160 - 20128?
-18858
In base 16, what is -4 - -1a591?
1a58d
In base 15, what is -5 - -3198?
3193
In base 4, what is 11133203 + -2?
11133201
In base 12, what is 116 - -6a38?
6b52
In base 8, what is -243530 + -3?
-243533
In base 8, what is 166 + -116?
50
In base 6, what is -433 + 2532?
2055
In base 8, what is 10056 + 21?
10077
In base 2, what is -11111010010 + 0?
-11111010010
In base 2, what is -1110011011 - -101110100?
-1000100111
In base 14, what is 38d - 105?
288
In base 6, what is -2501344 - 3?
-2501351
In base 9, what is 3057308 - 2?
3057306
In base 12, what is -13241 + 0?
-13241
In base 5, what is -3212 - -41221?
33004
In base 6, what is 42543454 - 2?
42543452
In base 7, what is 2 + 246326?
246331
In base 9, what is 33 - 114342?
-114308
In base 12, what is 1963 - 42?
1921
In base 14, what is -2b61 + -29?
-2b8a
In base 14, what is -684c - 3?
-6851
In base 12, what is 1b - -16329?
16348
In base 2, what is -11000100010 - 100?
-11000100110
In base 15, what is 5b16 + -a?
5b0b
In base 9, what is -15174 + -57?
-15242
In base 10, what is -2280364 + 1?
-2280363
In base 11, what is 71 + -1382?
-1311
In base 2, what is -1 + -1001100010111011110?
-1001100010111011111
In base 7, what is 1052 + 536?
1621
In base 9, what is -2 - -202457?
202455
In base 8, what is 1 + 105113?
105114
In base 15, what is 5aa - 43?
567
In base 15, what is -20 + -c7?
-e7
In base 3, what is 1222022112 + -2?
1222022110
In base 11, what is 0 - 72870?
-72870
In base 5, what is -1212023 - 3?
-1212031
In base 11, what is 46a7163 - -5?
46a7168
In base 10, what is 966 + 181?
1147
In base 16, what is 20 - 1064?
-1044
In base 14, what is -411c0 - -4?
-411ba
In base 9, what is -4188 + 4?
-4184
In base 9, what is -484472 + 3?
-484468
In base 13, what is 340 - 16b?
1a2
In base 4, what is 21 - -1332221?
1332302
In base 4, what is -10202303233 + 2?
-10202303231
In base 14, what is -4 - 6169?
-616d
In base 10, what is 1361 + -2?
1359
In base 4, what is -2210111 - 11002?
-2221113
In base 14, what is -8 - 17797?
-177a1
In base 7, what is 14225 - -4?
14232
In base 4, what is -13001231 - 3?
-13001300
In base 10, what is 180 - -574?
754
In base 5, what is 411104 - -22?
411131
In base 7, what is -135 + -633?
-1101
In base 5, what is -104 - 221413?
-222022
In base 8, what is 1040 + -304?
534
In base 2, what is 100010101000110100 - 110?
100010101000101110
In base 2, what is -11000101010001000111 - 101?
-11000101010001001100
In base 5, what is 33022 + 111?
33133
In base 3, what is -11010 + -1000210?
-1011220
In base 15, what is -3891 - d?
-389e
In base 11, what is 108a3 - 4?
1089a
In base 13, what is 2 + 1282a2?
1282a4
In base 13, what is 4941 + 1?
4942
In base 12, what is 230692 + -4?
23068a
In base 15, what is -66 - 26?
-8c
In base 4, what is -1101 + 1310?
203
In base 11, what is 1465 + 30?
1495
In base 15, what is -1 + -382c?
-382d
In base 15, what is -2 + -68?
-6a
In base 11, what is 506 + 107?
612
In base 4, what is -3 - 10010331120?
-10010331123
In base 2, what is -10110 + 10100010111?
10100000001
In base 16, what is a + 169?
173
In base 12, what is -48b8a + 0?
-48b8a
In base 7, what is -11114 - 14?
-11131
In base 5, what is 111132 + 100?
111232
In base 8, what is 173 + 42130?
42323
In base 4, what is 11 - -110202102?
110202113
In base 14, what is 76 - d48?
-cb2
In base 6, what is -2 - 151212?
-151214
In base 13, what is 278432 + -1?
278431
In base 4, what is -11 + -31121?
-31132
In base 9, what is -4 + -1038123?
-1038127
In base 13, what is 7911 - -28?
7939
In base 4, what is -3310211 + 1013?
-3303132
In base 9, what is -4168180 - -2?
-4168177
In base 3, what is -11 - 112102110?
-112102121
In base 16, what is c5 + 5279?
533e
In base 15, what is -5 + -26de4?
-26de9
In base 8, what is 3 - 434336?
-434333
In base 2, what is -11 + -10100100010010?
-10100100010101
In base 15, what is 2 + -1c6b3?
-1c6b1
In base 3, what is -2 - 212101220?
-212101222
In base 8, what is -1303 + 1173?
-110
In base 12, what is 1190 + a1?
1271
In base 10, what is -38 + 995?
957
In base 10, what is 150198 + 2?
150200
In base 8, what is -13631 - 1?
-13632
In base 3, what is -211 - -22121011?
22120100
In base 9, what is -4 + 16717?
16713
In base 14, what is 5 - 768a3?
-7689c
In base 14, what is -13748 + 1?
-13747
In base 11, what is -aa11 + -2?
-aa13
In base 10, what is 14179 - -21?
14200
In base 6, what is -1115353 + -14?
-1115411
In base 3, what is 102121000 - 1122?
102112101
In base 2, what is -100101111111001101 - -1?
-100101111111001100
In base 16, what is -20 + -19a5?
-19c5
In base 16, what is -335 + -a5?
-3da
In base 14, what is 16b13 + 5?
16b18
In base 4, what is 32321001 + -11?
32320330
In base 11, what is 0 + -273114?
-273114
In base 9, what is 3526 + 8?
3535
In base 13, what is 2c + 3901?
3930
In base 3, what is -11010 - 211211200?
-211222210
In base 2, what is -11101011 + -10000100?
-101101111
In base 12, what is 34803 + -3?
34800
In base 4, what is -10131 - 32?
-10223
In base 6, what is 2 - 314222?
-314220
In base 16, what is d - -724?
731
In base 13, what is -2 - -15b01c?
15b01a
In base 4, what is -10103 + -13333?
-30102
In base 7, what is 13004 + 14?
13021
In base 15, what is 9a8 - -13?
9bb
In base 2, what is 1 - 10011000101111010111?
-10011000101111010110
In base 4, what is 133030 - 1300?
131130
In base 2, what is 10 - -100011000001000?
100011000001010
In base 12, what is 0 + 65990?
65990
In base 4, what is 221 - -13323?
20210
In base 12, what is -4b + 1a8a?
1a3b
In base 2, what is -1000000001011 - -100111?
-111111100100
In base 10, what is 124 - 79?
45
In base 12, what is -48979 + 3?
-48976
In base 10, what is 456 + -162?
294
In base 2, what is -111111010011 - 100?
-111111010111
In base 10, what is -1567 + -16?
-1583
In base 2, what is -11111011111111101011 + 100?
-11111011111111100111
In base 8, what is 7061 - -62?
7143
In base 5, what is -22013 - -321?
-21142
In base 9, what is -187202 + -14?
-187216
In base 7, what is 3 + -520466?
-520463
In base 6, what is -1040144 - 0?
-1040144
In base 2, what is 0 + -111010110010?
-111010110010
In base 2, what is -1 - -11000100101?
11000100100
In base 8, what is -707 - 475?
-1404
In base 13, what is c3 + -4c09?
-4b16
In base 4, what is -23 + 2332200?
2332111
In base 9, what is 8 - 68778?
-68770
In base 11, what is -1171 - 185?
-1346
In base 6, what is 140 + -4045?
-3505
In base 14, what is 33 + -160c?
-15b9
In base 3, what is 20100 - 100201?
-10101
In base 2, what is -101101011111101000111 + 101?
-101101011111101000010
In base 8, what is -1764 + 72?
-1672
In base 11, what is 3245 + -41?
3204
In base 13, what is 383 - -16?
399
In base 11, what is -5 + 436a44?
436a3a
In base 9, what is 15523 + -10?
15513
In base 11, what is -59 + 27?
-32
In base 16, what is -7375c - -5?
-73757
In base 11, what is -281 - 34?
-305
In base 3, what is 0 + 1111021120?
1111021120
In base 14, what is d5d - -2a?
d89
In base 12, what is -2461 + 15?
-2448
In base 6, what is -202255 + 13?
-202242
In base 15, what is -2072c + -3?
-20730
In base 16, what is -8910e + 3?
-8910b
In base 12, what is -16 + 2008?
1bb2
In base 12, what is -30273 + -12?
-30285
In base 10, what is -140747 + -1?
-140748
In base 3, what is 12110010 + -2102?
12100201
In base 11, what is -300a + -2?
-3011
In base 16, what is 7155 - 5?
7150
In base 4, what is 10 + 201113310?
201113320
In base 6, what is 2 + 14533324?
14533330
In base 16, what is -6 + 55f9b?
55f95
In base 6, what is -41 + -15153?
-15234
In base 7, what is -252010 - -5?
-252002
In base 14, what is -106 + 5bc?
4b6
In base 7, what is -2 - -4324?
4322
In base 9, what is 6624 + -211?
6413
In base 14, what is 638 - 246?
3d2
In base 7, what is -22 + 164023?
164001
In base 14, what is b62a0 + 2?
b62a2
In base 7, what is 2465 - -534?
3332
In base 11, what is 14aa + -5?
14a5
In base 2, what is 0 + -101111001101011111?
-101111001101011111
In base 9, what is 2 - -345845?
345847
In base 16, what is -1 + -2a7c?
-2a7d
In base 3, what is 101120212200 + 11?
101120212211
In base 15, what is -3 - -3157a?
31577
In base 15, what is e05d + 6?
e064
In base 9, what is 27226 + -12?
27214
In base 3, what is -112211210102 